{"id":9685,"date":"2017-06-22T15:12:37","date_gmt":"2017-06-22T13:12:37","guid":{"rendered":"https:\/\/www.albyco.com\/product\/albyco-pro-ice-films-de-laminage-speciaux\/"},"modified":"2018-02-22T16:30:54","modified_gmt":"2018-02-22T15:30:54","slug":"albyco-pro-ice-films-de-laminage-speciaux","status":"publish","type":"product","link":"https:\/\/www.albyco.com\/fr\/produit\/albyco-pro-ice-films-de-laminage-speciaux\/","title":{"rendered":"Albyco Pro-Ice films de laminage sp\u00e9ciaux"},"content":{"rendered":"<p class=\"p1\">Albyco Tableau blanc Pro-Ice, un film de polyester avec un adh\u00e9sif solvant, pourvu d\u2019un rev\u00eatement qui est effa\u00e7able, apr\u00e8s avoir \u00e9t\u00e9 \u00e9crit sur les marqueurs de tableau blanc.<\/p>\r\n&nbsp;\r\n\r\n<a href=\"https:\/\/www.albyco.com\/fr\/contactez-nous\/\"><img loading=\"lazy\" class=\"size-full wp-image-11223 alignleft\" src=\"https:\/\/www.albyco.com\/wp-content\/uploads\/2018\/02\/CTA-Albyco-fr-2.jpg\" alt=\"\" width=\"225\" height=\"141\" srcset=\"https:\/\/www.albyco.com\/wp-content\/uploads\/2018\/02\/CTA-Albyco-fr-2.jpg 225w, https:\/\/www.albyco.com\/wp-content\/uploads\/2018\/02\/CTA-Albyco-fr-2-100x63.jpg 100w, https:\/\/www.albyco.com\/wp-content\/uploads\/2018\/02\/CTA-Albyco-fr-2-24x15.jpg 24w, https:\/\/www.albyco.com\/wp-content\/uploads\/2018\/02\/CTA-Albyco-fr-2-36x23.jpg 36w, https:\/\/www.albyco.com\/wp-content\/uploads\/2018\/02\/CTA-Albyco-fr-2-48x30.jpg 48w\" sizes=\"(max-width: 225px) 100vw, 225px\" \/><\/a>","protected":false},"excerpt":{"rendered":"<p>Albyco Pro-Ice films de laminage sp\u00e9ciaux<\/p>\n","protected":false},"featured_media":7765,"comment_status":"open","ping_status":"closed","template":"","meta":[],"product_cat":[2808,2871,2945,2944],"product_tag":[2964,2965,2966],"yoast_head":"<!-- This site is optimized with the Yoast SEO plugin v18.6 - https:\/\/yoast.com\/wordpress\/plugins\/seo\/ -->\n<title>Albyco Pro-Ice films de laminage sp\u00e9ciaux - Albyco<\/title>\n<meta name=\"description\" content=\"Albyco Pro-Ice films de laminage sp\u00e9ciaux\" \/>\n<meta name=\"robots\" content=\"index, follow, max-snippet:-1, max-image-preview:large, max-video-preview:-1\" \/>\n<link rel=\"canonical\" href=\"https:\/\/www.albyco.com\/fr\/produit\/albyco-pro-ice-films-de-laminage-speciaux\/\" \/>\n<meta property=\"og:locale\" content=\"fr_FR\" \/>\n<meta property=\"og:type\" content=\"article\" \/>\n<meta property=\"og:title\" content=\"Albyco Pro-Ice films de laminage sp\u00e9ciaux - Albyco\" \/>\n<meta property=\"og:description\" content=\"Albyco Pro-Ice films de laminage sp\u00e9ciaux\" \/>\n<meta property=\"og:url\" content=\"https:\/\/www.albyco.com\/fr\/produit\/albyco-pro-ice-films-de-laminage-speciaux\/\" \/>\n<meta property=\"og:site_name\" content=\"Albyco\" \/>\n<meta property=\"article:modified_time\" content=\"2018-02-22T15:30:54+00:00\" \/>\n<meta property=\"og:image\" content=\"https:\/\/www.albyco.com\/wp-content\/uploads\/2017\/06\/albyco-albyco-pro-ice-speciale-lamineerfilms_KLR321040C3002.jpg\" \/>\n\t<meta property=\"og:image:width\" content=\"871\" \/>\n\t<meta property=\"og:image:height\" content=\"1024\" \/>\n\t<meta property=\"og:image:type\" content=\"image\/jpeg\" \/>\n<meta name=\"twitter:card\" content=\"summary\" \/>\n<meta name=\"twitter:site\" content=\"@AlbycoNederland\" \/>\n<script type=\"application\/ld+json\" class=\"yoast-schema-graph\">{\"@context\":\"https:\/\/schema.org\",\"@graph\":[{\"@type\":\"Organization\",\"@id\":\"https:\/\/www.albyco.com\/#organization\",\"name\":\"Albyco Nederland B.V.\",\"url\":\"https:\/\/www.albyco.com\/\",\"sameAs\":[\"https:\/\/www.linkedin.com\/company\/18015670\/\",\"https:\/\/www.youtube.com\/user\/AlbycoNederland\",\"https:\/\/nl.pinterest.com\/albyco\",\"https:\/\/twitter.com\/AlbycoNederland\"],\"logo\":{\"@type\":\"ImageObject\",\"@id\":\"https:\/\/www.albyco.com\/#logo\",\"inLanguage\":\"fr-FR\",\"url\":\"https:\/\/www.albyco.com\/wp-content\/uploads\/2017\/07\/albyco_logo_hd.png\",\"contentUrl\":\"https:\/\/www.albyco.com\/wp-content\/uploads\/2017\/07\/albyco_logo_hd.png\",\"width\":300,\"height\":300,\"caption\":\"Albyco Nederland B.V.\"},\"image\":{\"@id\":\"https:\/\/www.albyco.com\/#logo\"}},{\"@type\":\"WebSite\",\"@id\":\"https:\/\/www.albyco.com\/#website\",\"url\":\"https:\/\/www.albyco.com\/\",\"name\":\"Albyco\",\"description\":\"Leverancier voor nabewerking van geprinte media\",\"publisher\":{\"@id\":\"https:\/\/www.albyco.com\/#organization\"},\"potentialAction\":[{\"@type\":\"SearchAction\",\"target\":{\"@type\":\"EntryPoint\",\"urlTemplate\":\"https:\/\/www.albyco.com\/?s={search_term_string}\"},\"query-input\":\"required name=search_term_string\"}],\"inLanguage\":\"fr-FR\"},{\"@type\":\"ImageObject\",\"@id\":\"https:\/\/www.albyco.com\/fr\/produit\/albyco-pro-ice-films-de-laminage-speciaux\/#primaryimage\",\"inLanguage\":\"fr-FR\",\"url\":\"https:\/\/www.albyco.com\/wp-content\/uploads\/2017\/06\/albyco-albyco-pro-ice-speciale-lamineerfilms_KLR321040C3002.jpg\",\"contentUrl\":\"https:\/\/www.albyco.com\/wp-content\/uploads\/2017\/06\/albyco-albyco-pro-ice-speciale-lamineerfilms_KLR321040C3002.jpg\",\"width\":871,\"height\":1024,\"caption\":\"Albyco Pro-Ice films de laminage sp\u00e9ciaux\"},{\"@type\":\"WebPage\",\"@id\":\"https:\/\/www.albyco.com\/fr\/produit\/albyco-pro-ice-films-de-laminage-speciaux\/#webpage\",\"url\":\"https:\/\/www.albyco.com\/fr\/produit\/albyco-pro-ice-films-de-laminage-speciaux\/\",\"name\":\"Albyco Pro-Ice films de laminage sp\u00e9ciaux - Albyco\",\"isPartOf\":{\"@id\":\"https:\/\/www.albyco.com\/#website\"},\"primaryImageOfPage\":{\"@id\":\"https:\/\/www.albyco.com\/fr\/produit\/albyco-pro-ice-films-de-laminage-speciaux\/#primaryimage\"},\"datePublished\":\"2017-06-22T13:12:37+00:00\",\"dateModified\":\"2018-02-22T15:30:54+00:00\",\"description\":\"Albyco Pro-Ice films de laminage sp\u00e9ciaux\",\"breadcrumb\":{\"@id\":\"https:\/\/www.albyco.com\/fr\/produit\/albyco-pro-ice-films-de-laminage-speciaux\/#breadcrumb\"},\"inLanguage\":\"fr-FR\",\"potentialAction\":[{\"@type\":\"ReadAction\",\"target\":[\"https:\/\/www.albyco.com\/fr\/produit\/albyco-pro-ice-films-de-laminage-speciaux\/\"]}]},{\"@type\":\"BreadcrumbList\",\"@id\":\"https:\/\/www.albyco.com\/fr\/produit\/albyco-pro-ice-films-de-laminage-speciaux\/#breadcrumb\",\"itemListElement\":[{\"@type\":\"ListItem\",\"position\":1,\"name\":\"Home\",\"item\":\"https:\/\/www.albyco.com\/fr\/\"},{\"@type\":\"ListItem\",\"position\":2,\"name\":\"Les produits\",\"item\":\"https:\/\/www.albyco.com\/fr\/producten\/\"},{\"@type\":\"ListItem\",\"position\":3,\"name\":\"Albyco Pro-Ice films de laminage sp\u00e9ciaux\"}]}]}<\/script>\n<!-- \/ Yoast SEO plugin. -->","yoast_head_json":{"title":"Albyco Pro-Ice films de laminage sp\u00e9ciaux - Albyco","description":"Albyco Pro-Ice films de laminage sp\u00e9ciaux","robots":{"index":"index","follow":"follow","max-snippet":"max-snippet:-1","max-image-preview":"max-image-preview:large","max-video-preview":"max-video-preview:-1"},"canonical":"https:\/\/www.albyco.com\/fr\/produit\/albyco-pro-ice-films-de-laminage-speciaux\/","og_locale":"fr_FR","og_type":"article","og_title":"Albyco Pro-Ice films de laminage sp\u00e9ciaux - Albyco","og_description":"Albyco Pro-Ice films de laminage sp\u00e9ciaux","og_url":"https:\/\/www.albyco.com\/fr\/produit\/albyco-pro-ice-films-de-laminage-speciaux\/","og_site_name":"Albyco","article_modified_time":"2018-02-22T15:30:54+00:00","og_image":[{"width":871,"height":1024,"url":"https:\/\/www.albyco.com\/wp-content\/uploads\/2017\/06\/albyco-albyco-pro-ice-speciale-lamineerfilms_KLR321040C3002.jpg","type":"image\/jpeg"}],"twitter_card":"summary","twitter_site":"@AlbycoNederland","schema":{"@context":"https:\/\/schema.org","@graph":[{"@type":"Organization","@id":"https:\/\/www.albyco.com\/#organization","name":"Albyco Nederland B.V.","url":"https:\/\/www.albyco.com\/","sameAs":["https:\/\/www.linkedin.com\/company\/18015670\/","https:\/\/www.youtube.com\/user\/AlbycoNederland","https:\/\/nl.pinterest.com\/albyco","https:\/\/twitter.com\/AlbycoNederland"],"logo":{"@type":"ImageObject","@id":"https:\/\/www.albyco.com\/#logo","inLanguage":"fr-FR","url":"https:\/\/www.albyco.com\/wp-content\/uploads\/2017\/07\/albyco_logo_hd.png","contentUrl":"https:\/\/www.albyco.com\/wp-content\/uploads\/2017\/07\/albyco_logo_hd.png","width":300,"height":300,"caption":"Albyco Nederland B.V."},"image":{"@id":"https:\/\/www.albyco.com\/#logo"}},{"@type":"WebSite","@id":"https:\/\/www.albyco.com\/#website","url":"https:\/\/www.albyco.com\/","name":"Albyco","description":"Leverancier voor nabewerking van geprinte media","publisher":{"@id":"https:\/\/www.albyco.com\/#organization"},"potentialAction":[{"@type":"SearchAction","target":{"@type":"EntryPoint","urlTemplate":"https:\/\/www.albyco.com\/?s={search_term_string}"},"query-input":"required name=search_term_string"}],"inLanguage":"fr-FR"},{"@type":"ImageObject","@id":"https:\/\/www.albyco.com\/fr\/produit\/albyco-pro-ice-films-de-laminage-speciaux\/#primaryimage","inLanguage":"fr-FR","url":"https:\/\/www.albyco.com\/wp-content\/uploads\/2017\/06\/albyco-albyco-pro-ice-speciale-lamineerfilms_KLR321040C3002.jpg","contentUrl":"https:\/\/www.albyco.com\/wp-content\/uploads\/2017\/06\/albyco-albyco-pro-ice-speciale-lamineerfilms_KLR321040C3002.jpg","width":871,"height":1024,"caption":"Albyco Pro-Ice films de laminage sp\u00e9ciaux"},{"@type":"WebPage","@id":"https:\/\/www.albyco.com\/fr\/produit\/albyco-pro-ice-films-de-laminage-speciaux\/#webpage","url":"https:\/\/www.albyco.com\/fr\/produit\/albyco-pro-ice-films-de-laminage-speciaux\/","name":"Albyco Pro-Ice films de laminage sp\u00e9ciaux - Albyco","isPartOf":{"@id":"https:\/\/www.albyco.com\/#website"},"primaryImageOfPage":{"@id":"https:\/\/www.albyco.com\/fr\/produit\/albyco-pro-ice-films-de-laminage-speciaux\/#primaryimage"},"datePublished":"2017-06-22T13:12:37+00:00","dateModified":"2018-02-22T15:30:54+00:00","description":"Albyco Pro-Ice films de laminage sp\u00e9ciaux","breadcrumb":{"@id":"https:\/\/www.albyco.com\/fr\/produit\/albyco-pro-ice-films-de-laminage-speciaux\/#breadcrumb"},"inLanguage":"fr-FR","potentialAction":[{"@type":"ReadAction","target":["https:\/\/www.albyco.com\/fr\/produit\/albyco-pro-ice-films-de-laminage-speciaux\/"]}]},{"@type":"BreadcrumbList","@id":"https:\/\/www.albyco.com\/fr\/produit\/albyco-pro-ice-films-de-laminage-speciaux\/#breadcrumb","itemListElement":[{"@type":"ListItem","position":1,"name":"Home","item":"https:\/\/www.albyco.com\/fr\/"},{"@type":"ListItem","position":2,"name":"Les produits","item":"https:\/\/www.albyco.com\/fr\/producten\/"},{"@type":"ListItem","position":3,"name":"Albyco Pro-Ice films de laminage sp\u00e9ciaux"}]}]}},"_links":{"self":[{"href":"https:\/\/www.albyco.com\/fr\/wp-json\/wp\/v2\/product\/9685"}],"collection":[{"href":"https:\/\/www.albyco.com\/fr\/wp-json\/wp\/v2\/product"}],"about":[{"href":"https:\/\/www.albyco.com\/fr\/wp-json\/wp\/v2\/types\/product"}],"replies":[{"embeddable":true,"href":"https:\/\/www.albyco.com\/fr\/wp-json\/wp\/v2\/comments?post=9685"}],"wp:featuredmedia":[{"embeddable":true,"href":"https:\/\/www.albyco.com\/fr\/wp-json\/wp\/v2\/media\/7765"}],"wp:attachment":[{"href":"https:\/\/www.albyco.com\/fr\/wp-json\/wp\/v2\/media?parent=9685"}],"wp:term":[{"taxonomy":"product_cat","embeddable":true,"href":"https:\/\/www.albyco.com\/fr\/wp-json\/wp\/v2\/product_cat?post=9685"},{"taxonomy":"product_tag","embeddable":true,"href":"https:\/\/www.albyco.com\/fr\/wp-json\/wp\/v2\/product_tag?post=9685"}],"curies":[{"name":"wp","href":"https:\/\/api.w.org\/{rel}","templated":true}]}}

Albyco Pro-Ice films de laminage spéciaux

<p class="p1">Albyco Tableau blanc Pro-Ice, un film de polyester avec un adhésif solvant, pourvu d’un revêtement qui est effaçable, après avoir été écrit sur les marqueurs de tableau blanc.</p>
&nbsp;

<a href="https://www.albyco.com/fr/contactez-nous/"><img loading="lazy" class="size-full wp-image-11223 alignleft" src="https://www.albyco.com/wp-content/uploads/2018/02/CTA-Albyco-fr-2.jpg" alt="" width="225" height="141" srcset="https://www.albyco.com/wp-content/uploads/2018/02/CTA-Albyco-fr-2.jpg 225w, https://www.albyco.com/wp-content/uploads/2018/02/CTA-Albyco-fr-2-100x63.jpg 100w, https://www.albyco.com/wp-content/uploads/2018/02/CTA-Albyco-fr-2-24x15.jpg 24w, https://www.albyco.com/wp-content/uploads/2018/02/CTA-Albyco-fr-2-36x23.jpg 36w, https://www.albyco.com/wp-content/uploads/2018/02/CTA-Albyco-fr-2-48x30.jpg 48w" sizes="(max-width: 225px) 100vw, 225px" /></a>

<p>Albyco Pro-Ice films de laminage spéciaux</p>

<!-- This site is optimized with the Yoast SEO plugin v18.6 - https://yoast.com/wordpress/plugins/seo/ -->
<title>Albyco Pro-Ice films de laminage spéciaux - Albyco</title>
<meta name="description" content="Albyco Pro-Ice films de laminage spéciaux" />
<meta name="robots" content="index, follow, max-snippet:-1, max-image-preview:large, max-video-preview:-1" />
<link rel="canonical" href="https://www.albyco.com/fr/produit/albyco-pro-ice-films-de-laminage-speciaux/" />
<meta property="og:locale" content="fr_FR" />
<meta property="og:type" content="article" />
<meta property="og:title" content="Albyco Pro-Ice films de laminage spéciaux - Albyco" />
<meta property="og:description" content="Albyco Pro-Ice films de laminage spéciaux" />
<meta property="og:url" content="https://www.albyco.com/fr/produit/albyco-pro-ice-films-de-laminage-speciaux/" />
<meta property="og:site_name" content="Albyco" />
<meta property="article:modified_time" content="2018-02-22T15:30:54+00:00" />
<meta property="og:image" content="https://www.albyco.com/wp-content/uploads/2017/06/albyco-albyco-pro-ice-speciale-lamineerfilms_KLR321040C3002.jpg" />
	<meta property="og:image:width" content="871" />
	<meta property="og:image:height" content="1024" />
	<meta property="og:image:type" content="image/jpeg" />
<meta name="twitter:card" content="summary" />
<meta name="twitter:site" content="@AlbycoNederland" />
<script type="application/ld+json" class="yoast-schema-graph">{"@context":"https://schema.org","@graph":[{"@type":"Organization","@id":"https://www.albyco.com/#organization","name":"Albyco Nederland B.V.","url":"https://www.albyco.com/","sameAs":["https://www.linkedin.com/company/18015670/","https://www.youtube.com/user/AlbycoNederland","https://nl.pinterest.com/albyco","https://twitter.com/AlbycoNederland"],"logo":{"@type":"ImageObject","@id":"https://www.albyco.com/#logo","inLanguage":"fr-FR","url":"https://www.albyco.com/wp-content/uploads/2017/07/albyco_logo_hd.png","contentUrl":"https://www.albyco.com/wp-content/uploads/2017/07/albyco_logo_hd.png","width":300,"height":300,"caption":"Albyco Nederland B.V."},"image":{"@id":"https://www.albyco.com/#logo"}},{"@type":"WebSite","@id":"https://www.albyco.com/#website","url":"https://www.albyco.com/","name":"Albyco","description":"Leverancier voor nabewerking van geprinte media","publisher":{"@id":"https://www.albyco.com/#organization"},"potentialAction":[{"@type":"SearchAction","target":{"@type":"EntryPoint","urlTemplate":"https://www.albyco.com/?s={search_term_string}"},"query-input":"required name=search_term_string"}],"inLanguage":"fr-FR"},{"@type":"ImageObject","@id":"https://www.albyco.com/fr/produit/albyco-pro-ice-films-de-laminage-speciaux/#primaryimage","inLanguage":"fr-FR","url":"https://www.albyco.com/wp-content/uploads/2017/06/albyco-albyco-pro-ice-speciale-lamineerfilms_KLR321040C3002.jpg","contentUrl":"https://www.albyco.com/wp-content/uploads/2017/06/albyco-albyco-pro-ice-speciale-lamineerfilms_KLR321040C3002.jpg","width":871,"height":1024,"caption":"Albyco Pro-Ice films de laminage spéciaux"},{"@type":"WebPage","@id":"https://www.albyco.com/fr/produit/albyco-pro-ice-films-de-laminage-speciaux/#webpage","url":"https://www.albyco.com/fr/produit/albyco-pro-ice-films-de-laminage-speciaux/","name":"Albyco Pro-Ice films de laminage spéciaux - Albyco","isPartOf":{"@id":"https://www.albyco.com/#website"},"primaryImageOfPage":{"@id":"https://www.albyco.com/fr/produit/albyco-pro-ice-films-de-laminage-speciaux/#primaryimage"},"datePublished":"2017-06-22T13:12:37+00:00","dateModified":"2018-02-22T15:30:54+00:00","description":"Albyco Pro-Ice films de laminage spéciaux","breadcrumb":{"@id":"https://www.albyco.com/fr/produit/albyco-pro-ice-films-de-laminage-speciaux/#breadcrumb"},"inLanguage":"fr-FR","potentialAction":[{"@type":"ReadAction","target":["https://www.albyco.com/fr/produit/albyco-pro-ice-films-de-laminage-speciaux/"]}]},{"@type":"BreadcrumbList","@id":"https://www.albyco.com/fr/produit/albyco-pro-ice-films-de-laminage-speciaux/#breadcrumb","itemListElement":[{"@type":"ListItem","position":1,"name":"Home","item":"https://www.albyco.com/fr/"},{"@type":"ListItem","position":2,"name":"Les produits","item":"https://www.albyco.com/fr/producten/"},{"@type":"ListItem","position":3,"name":"Albyco Pro-Ice films de laminage spéciaux"}]}]}</script>
<!-- / Yoast SEO plugin. -->

Albyco Pro-Ice films de laminage spéciaux - Albyco
