{"id":9644,"date":"2017-07-10T10:09:55","date_gmt":"2017-07-10T08:09:55","guid":{"rendered":"https:\/\/www.albyco.com\/product\/les-lames-en-acier\/"},"modified":"2018-02-23T15:01:27","modified_gmt":"2018-02-23T14:01:27","slug":"les-lames-en-acier","status":"publish","type":"product","link":"https:\/\/www.albyco.com\/fr\/produit\/les-lames-en-acier\/","title":{"rendered":"Les lames en acier"},"content":{"rendered":"<p class=\"p1\">Les lames en acier sont adapt\u00e9es pour toutes les machines <strong>Mohr<\/strong><strong>\u00a0<\/strong>et<strong> IDEAL<\/strong>. Vous trouverez sur notre site<span class=\"Apple-converted-space\">\u00a0<\/span>tous les diff\u00e9rents mod\u00e8les livrables. N`h\u00e9sitez pas \u00e0 nous contacter si vous cherchez un mod\u00e9le que ne se trouve pas dans le menu.<\/p>\r\n<p class=\"p1\"><\/p>\r\n<a href=\"https:\/\/www.albyco.com\/fr\/contactez-nous\/\"><img loading=\"lazy\" class=\"size-full wp-image-11223 alignleft\" src=\"https:\/\/www.albyco.com\/wp-content\/uploads\/2018\/02\/CTA-Albyco-fr-2.jpg\" alt=\"\" width=\"225\" height=\"141\" srcset=\"https:\/\/www.albyco.com\/wp-content\/uploads\/2018\/02\/CTA-Albyco-fr-2.jpg 225w, https:\/\/www.albyco.com\/wp-content\/uploads\/2018\/02\/CTA-Albyco-fr-2-100x63.jpg 100w, https:\/\/www.albyco.com\/wp-content\/uploads\/2018\/02\/CTA-Albyco-fr-2-24x15.jpg 24w, https:\/\/www.albyco.com\/wp-content\/uploads\/2018\/02\/CTA-Albyco-fr-2-36x23.jpg 36w, https:\/\/www.albyco.com\/wp-content\/uploads\/2018\/02\/CTA-Albyco-fr-2-48x30.jpg 48w\" sizes=\"(max-width: 225px) 100vw, 225px\" \/><\/a>","protected":false},"excerpt":{"rendered":"<p>Les lames en acier sont adapt\u00e9es pour toutes les machines <strong>Mohr<\/strong>\u00a0et<strong>\u00a0IDEAL<\/strong>. Vous trouverez sur notre site tous les diff\u00e9rents mod\u00e8les livrables. N`h\u00e9sitez pas \u00e0 nous contacter si vous cherchez un mod\u00e9le que ne se trouve pas dans le menu.<\/p>\n","protected":false},"featured_media":7735,"comment_status":"open","ping_status":"closed","template":"","meta":[],"product_cat":[3737],"product_tag":[2743,2897,2898,2899],"yoast_head":"<!-- This site is optimized with the Yoast SEO plugin v18.6 - https:\/\/yoast.com\/wordpress\/plugins\/seo\/ -->\n<title>Les lames en acier - Albyco<\/title>\n<meta name=\"description\" content=\"Les lames en acier sont adapt\u00e9es pour toutes les machines Mohr\u00a0et\u00a0IDEAL. Vous trouverez sur notre site tous les diff\u00e9rents mod\u00e8les livrables. N`h\u00e9sitez pas \u00e0 nous contacter si vous cherchez un mod\u00e9le que ne se trouve pas dans le menu.\" \/>\n<meta name=\"robots\" content=\"index, follow, max-snippet:-1, max-image-preview:large, max-video-preview:-1\" \/>\n<link rel=\"canonical\" href=\"https:\/\/www.albyco.com\/fr\/produit\/les-lames-en-acier\/\" \/>\n<meta property=\"og:locale\" content=\"fr_FR\" \/>\n<meta property=\"og:type\" content=\"article\" \/>\n<meta property=\"og:title\" content=\"Les lames en acier - Albyco\" \/>\n<meta property=\"og:description\" content=\"Les lames en acier sont adapt\u00e9es pour toutes les machines Mohr\u00a0et\u00a0IDEAL. Vous trouverez sur notre site tous les diff\u00e9rents mod\u00e8les livrables. N`h\u00e9sitez pas \u00e0 nous contacter si vous cherchez un mod\u00e9le que ne se trouve pas dans le menu.\" \/>\n<meta property=\"og:url\" content=\"https:\/\/www.albyco.com\/fr\/produit\/les-lames-en-acier\/\" \/>\n<meta property=\"og:site_name\" content=\"Albyco\" \/>\n<meta property=\"article:modified_time\" content=\"2018-02-23T14:01:27+00:00\" \/>\n<meta property=\"og:image\" content=\"https:\/\/www.albyco.com\/wp-content\/uploads\/2017\/06\/ebaideal-ebaideal-reservemessen_IDEAL3905MES.jpg\" \/>\n\t<meta property=\"og:image:width\" content=\"500\" \/>\n\t<meta property=\"og:image:height\" content=\"500\" \/>\n\t<meta property=\"og:image:type\" content=\"image\/jpeg\" \/>\n<meta name=\"twitter:card\" content=\"summary\" \/>\n<meta name=\"twitter:site\" content=\"@AlbycoNederland\" \/>\n<script type=\"application\/ld+json\" class=\"yoast-schema-graph\">{\"@context\":\"https:\/\/schema.org\",\"@graph\":[{\"@type\":\"Organization\",\"@id\":\"https:\/\/www.albyco.com\/#organization\",\"name\":\"Albyco Nederland B.V.\",\"url\":\"https:\/\/www.albyco.com\/\",\"sameAs\":[\"https:\/\/www.linkedin.com\/company\/18015670\/\",\"https:\/\/www.youtube.com\/user\/AlbycoNederland\",\"https:\/\/nl.pinterest.com\/albyco\",\"https:\/\/twitter.com\/AlbycoNederland\"],\"logo\":{\"@type\":\"ImageObject\",\"@id\":\"https:\/\/www.albyco.com\/#logo\",\"inLanguage\":\"fr-FR\",\"url\":\"https:\/\/www.albyco.com\/wp-content\/uploads\/2017\/07\/albyco_logo_hd.png\",\"contentUrl\":\"https:\/\/www.albyco.com\/wp-content\/uploads\/2017\/07\/albyco_logo_hd.png\",\"width\":300,\"height\":300,\"caption\":\"Albyco Nederland B.V.\"},\"image\":{\"@id\":\"https:\/\/www.albyco.com\/#logo\"}},{\"@type\":\"WebSite\",\"@id\":\"https:\/\/www.albyco.com\/#website\",\"url\":\"https:\/\/www.albyco.com\/\",\"name\":\"Albyco\",\"description\":\"Leverancier voor nabewerking van geprinte media\",\"publisher\":{\"@id\":\"https:\/\/www.albyco.com\/#organization\"},\"potentialAction\":[{\"@type\":\"SearchAction\",\"target\":{\"@type\":\"EntryPoint\",\"urlTemplate\":\"https:\/\/www.albyco.com\/?s={search_term_string}\"},\"query-input\":\"required name=search_term_string\"}],\"inLanguage\":\"fr-FR\"},{\"@type\":\"ImageObject\",\"@id\":\"https:\/\/www.albyco.com\/fr\/produit\/les-lames-en-acier\/#primaryimage\",\"inLanguage\":\"fr-FR\",\"url\":\"https:\/\/www.albyco.com\/wp-content\/uploads\/2017\/06\/ebaideal-ebaideal-reservemessen_IDEAL3905MES.jpg\",\"contentUrl\":\"https:\/\/www.albyco.com\/wp-content\/uploads\/2017\/06\/ebaideal-ebaideal-reservemessen_IDEAL3905MES.jpg\",\"width\":500,\"height\":500,\"caption\":\"Les lames en acier\"},{\"@type\":\"WebPage\",\"@id\":\"https:\/\/www.albyco.com\/fr\/produit\/les-lames-en-acier\/#webpage\",\"url\":\"https:\/\/www.albyco.com\/fr\/produit\/les-lames-en-acier\/\",\"name\":\"Les lames en acier - Albyco\",\"isPartOf\":{\"@id\":\"https:\/\/www.albyco.com\/#website\"},\"primaryImageOfPage\":{\"@id\":\"https:\/\/www.albyco.com\/fr\/produit\/les-lames-en-acier\/#primaryimage\"},\"datePublished\":\"2017-07-10T08:09:55+00:00\",\"dateModified\":\"2018-02-23T14:01:27+00:00\",\"description\":\"Les lames en acier sont adapt\u00e9es pour toutes les machines Mohr\u00a0et\u00a0IDEAL. Vous trouverez sur notre site tous les diff\u00e9rents mod\u00e8les livrables. N`h\u00e9sitez pas \u00e0 nous contacter si vous cherchez un mod\u00e9le que ne se trouve pas dans le menu.\",\"breadcrumb\":{\"@id\":\"https:\/\/www.albyco.com\/fr\/produit\/les-lames-en-acier\/#breadcrumb\"},\"inLanguage\":\"fr-FR\",\"potentialAction\":[{\"@type\":\"ReadAction\",\"target\":[\"https:\/\/www.albyco.com\/fr\/produit\/les-lames-en-acier\/\"]}]},{\"@type\":\"BreadcrumbList\",\"@id\":\"https:\/\/www.albyco.com\/fr\/produit\/les-lames-en-acier\/#breadcrumb\",\"itemListElement\":[{\"@type\":\"ListItem\",\"position\":1,\"name\":\"Home\",\"item\":\"https:\/\/www.albyco.com\/fr\/\"},{\"@type\":\"ListItem\",\"position\":2,\"name\":\"Les produits\",\"item\":\"https:\/\/www.albyco.com\/fr\/producten\/\"},{\"@type\":\"ListItem\",\"position\":3,\"name\":\"Les lames en acier\"}]}]}<\/script>\n<!-- \/ Yoast SEO plugin. -->","yoast_head_json":{"title":"Les lames en acier - Albyco","description":"Les lames en acier sont adapt\u00e9es pour toutes les machines Mohr\u00a0et\u00a0IDEAL. Vous trouverez sur notre site tous les diff\u00e9rents mod\u00e8les livrables. N`h\u00e9sitez pas \u00e0 nous contacter si vous cherchez un mod\u00e9le que ne se trouve pas dans le menu.","robots":{"index":"index","follow":"follow","max-snippet":"max-snippet:-1","max-image-preview":"max-image-preview:large","max-video-preview":"max-video-preview:-1"},"canonical":"https:\/\/www.albyco.com\/fr\/produit\/les-lames-en-acier\/","og_locale":"fr_FR","og_type":"article","og_title":"Les lames en acier - Albyco","og_description":"Les lames en acier sont adapt\u00e9es pour toutes les machines Mohr\u00a0et\u00a0IDEAL. Vous trouverez sur notre site tous les diff\u00e9rents mod\u00e8les livrables. N`h\u00e9sitez pas \u00e0 nous contacter si vous cherchez un mod\u00e9le que ne se trouve pas dans le menu.","og_url":"https:\/\/www.albyco.com\/fr\/produit\/les-lames-en-acier\/","og_site_name":"Albyco","article_modified_time":"2018-02-23T14:01:27+00:00","og_image":[{"width":500,"height":500,"url":"https:\/\/www.albyco.com\/wp-content\/uploads\/2017\/06\/ebaideal-ebaideal-reservemessen_IDEAL3905MES.jpg","type":"image\/jpeg"}],"twitter_card":"summary","twitter_site":"@AlbycoNederland","schema":{"@context":"https:\/\/schema.org","@graph":[{"@type":"Organization","@id":"https:\/\/www.albyco.com\/#organization","name":"Albyco Nederland B.V.","url":"https:\/\/www.albyco.com\/","sameAs":["https:\/\/www.linkedin.com\/company\/18015670\/","https:\/\/www.youtube.com\/user\/AlbycoNederland","https:\/\/nl.pinterest.com\/albyco","https:\/\/twitter.com\/AlbycoNederland"],"logo":{"@type":"ImageObject","@id":"https:\/\/www.albyco.com\/#logo","inLanguage":"fr-FR","url":"https:\/\/www.albyco.com\/wp-content\/uploads\/2017\/07\/albyco_logo_hd.png","contentUrl":"https:\/\/www.albyco.com\/wp-content\/uploads\/2017\/07\/albyco_logo_hd.png","width":300,"height":300,"caption":"Albyco Nederland B.V."},"image":{"@id":"https:\/\/www.albyco.com\/#logo"}},{"@type":"WebSite","@id":"https:\/\/www.albyco.com\/#website","url":"https:\/\/www.albyco.com\/","name":"Albyco","description":"Leverancier voor nabewerking van geprinte media","publisher":{"@id":"https:\/\/www.albyco.com\/#organization"},"potentialAction":[{"@type":"SearchAction","target":{"@type":"EntryPoint","urlTemplate":"https:\/\/www.albyco.com\/?s={search_term_string}"},"query-input":"required name=search_term_string"}],"inLanguage":"fr-FR"},{"@type":"ImageObject","@id":"https:\/\/www.albyco.com\/fr\/produit\/les-lames-en-acier\/#primaryimage","inLanguage":"fr-FR","url":"https:\/\/www.albyco.com\/wp-content\/uploads\/2017\/06\/ebaideal-ebaideal-reservemessen_IDEAL3905MES.jpg","contentUrl":"https:\/\/www.albyco.com\/wp-content\/uploads\/2017\/06\/ebaideal-ebaideal-reservemessen_IDEAL3905MES.jpg","width":500,"height":500,"caption":"Les lames en acier"},{"@type":"WebPage","@id":"https:\/\/www.albyco.com\/fr\/produit\/les-lames-en-acier\/#webpage","url":"https:\/\/www.albyco.com\/fr\/produit\/les-lames-en-acier\/","name":"Les lames en acier - Albyco","isPartOf":{"@id":"https:\/\/www.albyco.com\/#website"},"primaryImageOfPage":{"@id":"https:\/\/www.albyco.com\/fr\/produit\/les-lames-en-acier\/#primaryimage"},"datePublished":"2017-07-10T08:09:55+00:00","dateModified":"2018-02-23T14:01:27+00:00","description":"Les lames en acier sont adapt\u00e9es pour toutes les machines Mohr\u00a0et\u00a0IDEAL. Vous trouverez sur notre site tous les diff\u00e9rents mod\u00e8les livrables. N`h\u00e9sitez pas \u00e0 nous contacter si vous cherchez un mod\u00e9le que ne se trouve pas dans le menu.","breadcrumb":{"@id":"https:\/\/www.albyco.com\/fr\/produit\/les-lames-en-acier\/#breadcrumb"},"inLanguage":"fr-FR","potentialAction":[{"@type":"ReadAction","target":["https:\/\/www.albyco.com\/fr\/produit\/les-lames-en-acier\/"]}]},{"@type":"BreadcrumbList","@id":"https:\/\/www.albyco.com\/fr\/produit\/les-lames-en-acier\/#breadcrumb","itemListElement":[{"@type":"ListItem","position":1,"name":"Home","item":"https:\/\/www.albyco.com\/fr\/"},{"@type":"ListItem","position":2,"name":"Les produits","item":"https:\/\/www.albyco.com\/fr\/producten\/"},{"@type":"ListItem","position":3,"name":"Les lames en acier"}]}]}},"_links":{"self":[{"href":"https:\/\/www.albyco.com\/fr\/wp-json\/wp\/v2\/product\/9644"}],"collection":[{"href":"https:\/\/www.albyco.com\/fr\/wp-json\/wp\/v2\/product"}],"about":[{"href":"https:\/\/www.albyco.com\/fr\/wp-json\/wp\/v2\/types\/product"}],"replies":[{"embeddable":true,"href":"https:\/\/www.albyco.com\/fr\/wp-json\/wp\/v2\/comments?post=9644"}],"wp:featuredmedia":[{"embeddable":true,"href":"https:\/\/www.albyco.com\/fr\/wp-json\/wp\/v2\/media\/7735"}],"wp:attachment":[{"href":"https:\/\/www.albyco.com\/fr\/wp-json\/wp\/v2\/media?parent=9644"}],"wp:term":[{"taxonomy":"product_cat","embeddable":true,"href":"https:\/\/www.albyco.com\/fr\/wp-json\/wp\/v2\/product_cat?post=9644"},{"taxonomy":"product_tag","embeddable":true,"href":"https:\/\/www.albyco.com\/fr\/wp-json\/wp\/v2\/product_tag?post=9644"}],"curies":[{"name":"wp","href":"https:\/\/api.w.org\/{rel}","templated":true}]}}

<p class="p1">Les lames en acier sont adaptées pour toutes les machines <strong>Mohr</strong><strong> </strong>et<strong> IDEAL</strong>. Vous trouverez sur notre site<span class="Apple-converted-space"> </span>tous les différents modèles livrables. N`hésitez pas à nous contacter si vous cherchez un modéle que ne se trouve pas dans le menu.</p>
<p class="p1"></p>
<a href="https://www.albyco.com/fr/contactez-nous/"><img loading="lazy" class="size-full wp-image-11223 alignleft" src="https://www.albyco.com/wp-content/uploads/2018/02/CTA-Albyco-fr-2.jpg" alt="" width="225" height="141" srcset="https://www.albyco.com/wp-content/uploads/2018/02/CTA-Albyco-fr-2.jpg 225w, https://www.albyco.com/wp-content/uploads/2018/02/CTA-Albyco-fr-2-100x63.jpg 100w, https://www.albyco.com/wp-content/uploads/2018/02/CTA-Albyco-fr-2-24x15.jpg 24w, https://www.albyco.com/wp-content/uploads/2018/02/CTA-Albyco-fr-2-36x23.jpg 36w, https://www.albyco.com/wp-content/uploads/2018/02/CTA-Albyco-fr-2-48x30.jpg 48w" sizes="(max-width: 225px) 100vw, 225px" /></a>

<p>Les lames en acier sont adaptées pour toutes les machines <strong>Mohr</strong> et<strong> IDEAL</strong>. Vous trouverez sur notre site tous les différents modèles livrables. N`hésitez pas à nous contacter si vous cherchez un modéle que ne se trouve pas dans le menu.</p>

<!-- This site is optimized with the Yoast SEO plugin v18.6 - https://yoast.com/wordpress/plugins/seo/ -->
<title>Les lames en acier - Albyco</title>
<meta name="description" content="Les lames en acier sont adaptées pour toutes les machines Mohr et IDEAL. Vous trouverez sur notre site tous les différents modèles livrables. N`hésitez pas à nous contacter si vous cherchez un modéle que ne se trouve pas dans le menu." />
<meta name="robots" content="index, follow, max-snippet:-1, max-image-preview:large, max-video-preview:-1" />
<link rel="canonical" href="https://www.albyco.com/fr/produit/les-lames-en-acier/" />
<meta property="og:locale" content="fr_FR" />
<meta property="og:type" content="article" />
<meta property="og:title" content="Les lames en acier - Albyco" />
<meta property="og:description" content="Les lames en acier sont adaptées pour toutes les machines Mohr et IDEAL. Vous trouverez sur notre site tous les différents modèles livrables. N`hésitez pas à nous contacter si vous cherchez un modéle que ne se trouve pas dans le menu." />
<meta property="og:url" content="https://www.albyco.com/fr/produit/les-lames-en-acier/" />
<meta property="og:site_name" content="Albyco" />
<meta property="article:modified_time" content="2018-02-23T14:01:27+00:00" />
<meta property="og:image" content="https://www.albyco.com/wp-content/uploads/2017/06/ebaideal-ebaideal-reservemessen_IDEAL3905MES.jpg" />
	<meta property="og:image:width" content="500" />
	<meta property="og:image:height" content="500" />
	<meta property="og:image:type" content="image/jpeg" />
<meta name="twitter:card" content="summary" />
<meta name="twitter:site" content="@AlbycoNederland" />
<script type="application/ld+json" class="yoast-schema-graph">{"@context":"https://schema.org","@graph":[{"@type":"Organization","@id":"https://www.albyco.com/#organization","name":"Albyco Nederland B.V.","url":"https://www.albyco.com/","sameAs":["https://www.linkedin.com/company/18015670/","https://www.youtube.com/user/AlbycoNederland","https://nl.pinterest.com/albyco","https://twitter.com/AlbycoNederland"],"logo":{"@type":"ImageObject","@id":"https://www.albyco.com/#logo","inLanguage":"fr-FR","url":"https://www.albyco.com/wp-content/uploads/2017/07/albyco_logo_hd.png","contentUrl":"https://www.albyco.com/wp-content/uploads/2017/07/albyco_logo_hd.png","width":300,"height":300,"caption":"Albyco Nederland B.V."},"image":{"@id":"https://www.albyco.com/#logo"}},{"@type":"WebSite","@id":"https://www.albyco.com/#website","url":"https://www.albyco.com/","name":"Albyco","description":"Leverancier voor nabewerking van geprinte media","publisher":{"@id":"https://www.albyco.com/#organization"},"potentialAction":[{"@type":"SearchAction","target":{"@type":"EntryPoint","urlTemplate":"https://www.albyco.com/?s={search_term_string}"},"query-input":"required name=search_term_string"}],"inLanguage":"fr-FR"},{"@type":"ImageObject","@id":"https://www.albyco.com/fr/produit/les-lames-en-acier/#primaryimage","inLanguage":"fr-FR","url":"https://www.albyco.com/wp-content/uploads/2017/06/ebaideal-ebaideal-reservemessen_IDEAL3905MES.jpg","contentUrl":"https://www.albyco.com/wp-content/uploads/2017/06/ebaideal-ebaideal-reservemessen_IDEAL3905MES.jpg","width":500,"height":500,"caption":"Les lames en acier"},{"@type":"WebPage","@id":"https://www.albyco.com/fr/produit/les-lames-en-acier/#webpage","url":"https://www.albyco.com/fr/produit/les-lames-en-acier/","name":"Les lames en acier - Albyco","isPartOf":{"@id":"https://www.albyco.com/#website"},"primaryImageOfPage":{"@id":"https://www.albyco.com/fr/produit/les-lames-en-acier/#primaryimage"},"datePublished":"2017-07-10T08:09:55+00:00","dateModified":"2018-02-23T14:01:27+00:00","description":"Les lames en acier sont adaptées pour toutes les machines Mohr et IDEAL. Vous trouverez sur notre site tous les différents modèles livrables. N`hésitez pas à nous contacter si vous cherchez un modéle que ne se trouve pas dans le menu.","breadcrumb":{"@id":"https://www.albyco.com/fr/produit/les-lames-en-acier/#breadcrumb"},"inLanguage":"fr-FR","potentialAction":[{"@type":"ReadAction","target":["https://www.albyco.com/fr/produit/les-lames-en-acier/"]}]},{"@type":"BreadcrumbList","@id":"https://www.albyco.com/fr/produit/les-lames-en-acier/#breadcrumb","itemListElement":[{"@type":"ListItem","position":1,"name":"Home","item":"https://www.albyco.com/fr/"},{"@type":"ListItem","position":2,"name":"Les produits","item":"https://www.albyco.com/fr/producten/"},{"@type":"ListItem","position":3,"name":"Les lames en acier"}]}]}</script>
<!-- / Yoast SEO plugin. -->

Les lames en acier sont adaptées pour toutes les machines Mohr et IDEAL. Vous trouverez sur notre site tous les différents modèles livrables. N`hésitez pas à nous contacter si vous cherchez un modéle que ne se trouve pas dans le menu.
