{"id":10629,"date":"2017-07-06T16:12:13","date_gmt":"2017-07-06T14:12:13","guid":{"rendered":"https:\/\/www.albyco.com\/product\/renz-ecl-360-systeme-de-fermeture-electrique-professionnelle\/"},"modified":"2021-05-20T15:39:43","modified_gmt":"2021-05-20T13:39:43","slug":"renz-ecl-360-systeme-de-fermeture-electrique-professionnelle","status":"publish","type":"product","link":"https:\/\/www.albyco.com\/fr\/produit\/renz-ecl-360-systeme-de-fermeture-electrique-professionnelle\/","title":{"rendered":"Renz ECL 360, syst\u00e8me de fermeture \u00e9lectrique professionnelle"},"content":{"rendered":"<table style=\"width: 100%; border-collapse: collapse;\" border=\"0\">\r\n<tbody>\r\n<tr>\r\n<td style=\"width: 50%;\">Le <strong>Renz ECL 360<\/strong> est un syst\u00e8me de fermeture \u00e9lectrique professionnelle<span class=\"Apple-converted-space\">\u00a0 <\/span>pour anneaux m\u00e9talliques. C\u00e2ble \u00e9lectrique (peigne m\u00e9tallique) -connecteur pour fil de 4,8 mm (3\/16 &#8220;, n \u00b0 3) \u00e0 38,6 mm (1 1\/2&#8221;) &#8220;, no.24), largeur de fermeture 360 mm.Solution professionnelle pour la reliure \u00e0 grand volume. Connectez jusqu&#8217;\u00e0 400 liaisons \/ h., Caract\u00e9ristiques de s\u00e9curit\u00e9 optimales, conception robuste pour une utilisation intensive, r\u00e9glage rapide et facile en quelques secondes, par exemple une p\u00e9dale.<\/td>\r\n<td style=\"width: 50%;\"><div class=\"epyt-video-wrapper\"><iframe  id=\"_ytid_19169\"  width=\"800\" height=\"450\"  data-origwidth=\"800\" data-origheight=\"450\"  data-relstop=\"1\" src=\"https:\/\/www.youtube.com\/embed\/RB4yXLnSP2I?enablejsapi=1&autoplay=0&cc_load_policy=0&iv_load_policy=1&loop=0&modestbranding=0&fs=1&playsinline=1&controls=1&color=red&cc_lang_pref=&rel=0&autohide=2&theme=dark&\" class=\"__youtube_prefs__  no-lazyload\" title=\"YouTube player\"  allow=\"accelerometer; autoplay; clipboard-write; encrypted-media; gyroscope; picture-in-picture\" allowfullscreen data-no-lazy=\"1\" data-skipgform_ajax_framebjll=\"\"><\/iframe><\/div><\/td>\r\n<\/tr>\r\n<\/tbody>\r\n<\/table>\r\n<a href=\"https:\/\/www.albyco.com\/fr\/contactez-nous\/\"><img loading=\"lazy\" class=\"size-full wp-image-11223 alignleft\" src=\"https:\/\/www.albyco.com\/wp-content\/uploads\/2018\/02\/CTA-Albyco-fr-2.jpg\" alt=\"\" width=\"225\" height=\"141\" srcset=\"https:\/\/www.albyco.com\/wp-content\/uploads\/2018\/02\/CTA-Albyco-fr-2.jpg 225w, https:\/\/www.albyco.com\/wp-content\/uploads\/2018\/02\/CTA-Albyco-fr-2-100x63.jpg 100w, https:\/\/www.albyco.com\/wp-content\/uploads\/2018\/02\/CTA-Albyco-fr-2-24x15.jpg 24w, https:\/\/www.albyco.com\/wp-content\/uploads\/2018\/02\/CTA-Albyco-fr-2-36x23.jpg 36w, https:\/\/www.albyco.com\/wp-content\/uploads\/2018\/02\/CTA-Albyco-fr-2-48x30.jpg 48w\" sizes=\"(max-width: 225px) 100vw, 225px\" \/><\/a>","protected":false},"excerpt":{"rendered":"<p>Le <strong>Renz ECL 360<\/strong> est un syst\u00e8me de fermeture \u00e9lectrique professionnelle<span class=\"Apple-converted-space\">\u00a0 <\/span>pour anneaux m\u00e9talliques.<\/p>\n","protected":false},"featured_media":7903,"comment_status":"open","ping_status":"closed","template":"","meta":[],"product_cat":[2300,2316,2751],"product_tag":[2752,2753,2760,2324,3386,3435],"yoast_head":"<!-- This site is optimized with the Yoast SEO plugin v18.6 - https:\/\/yoast.com\/wordpress\/plugins\/seo\/ -->\n<title>Renz ECL 360, syst\u00e8me de fermeture \u00e9lectrique professionnelle - Albyco<\/title>\n<meta name=\"description\" content=\"Le Renz ECL 360 est un syst\u00e8me de fermeture \u00e9lectrique professionnelle\u00a0 pour anneaux m\u00e9talliques.\" \/>\n<meta name=\"robots\" content=\"index, follow, max-snippet:-1, max-image-preview:large, max-video-preview:-1\" \/>\n<link rel=\"canonical\" href=\"https:\/\/www.albyco.com\/fr\/produit\/renz-ecl-360-systeme-de-fermeture-electrique-professionnelle\/\" \/>\n<meta property=\"og:locale\" content=\"fr_FR\" \/>\n<meta property=\"og:type\" content=\"article\" \/>\n<meta property=\"og:title\" content=\"Renz ECL 360, syst\u00e8me de fermeture \u00e9lectrique professionnelle - Albyco\" \/>\n<meta property=\"og:description\" content=\"Le Renz ECL 360 est un syst\u00e8me de fermeture \u00e9lectrique professionnelle\u00a0 pour anneaux m\u00e9talliques.\" \/>\n<meta property=\"og:url\" content=\"https:\/\/www.albyco.com\/fr\/produit\/renz-ecl-360-systeme-de-fermeture-electrique-professionnelle\/\" \/>\n<meta property=\"og:site_name\" content=\"Albyco\" \/>\n<meta property=\"article:modified_time\" content=\"2021-05-20T13:39:43+00:00\" \/>\n<meta property=\"og:image\" content=\"https:\/\/www.albyco.com\/wp-content\/uploads\/2017\/06\/renz-renz-ecl-360-elektrische-sluiter_RENZECL360.jpg\" \/>\n\t<meta property=\"og:image:width\" content=\"1000\" \/>\n\t<meta property=\"og:image:height\" content=\"700\" \/>\n\t<meta property=\"og:image:type\" content=\"image\/jpeg\" \/>\n<meta name=\"twitter:card\" content=\"summary\" \/>\n<meta name=\"twitter:site\" content=\"@AlbycoNederland\" \/>\n<script type=\"application\/ld+json\" class=\"yoast-schema-graph\">{\"@context\":\"https:\/\/schema.org\",\"@graph\":[{\"@type\":\"Organization\",\"@id\":\"https:\/\/www.albyco.com\/#organization\",\"name\":\"Albyco Nederland B.V.\",\"url\":\"https:\/\/www.albyco.com\/\",\"sameAs\":[\"https:\/\/www.linkedin.com\/company\/18015670\/\",\"https:\/\/www.youtube.com\/user\/AlbycoNederland\",\"https:\/\/nl.pinterest.com\/albyco\",\"https:\/\/twitter.com\/AlbycoNederland\"],\"logo\":{\"@type\":\"ImageObject\",\"@id\":\"https:\/\/www.albyco.com\/#logo\",\"inLanguage\":\"fr-FR\",\"url\":\"https:\/\/www.albyco.com\/wp-content\/uploads\/2017\/07\/albyco_logo_hd.png\",\"contentUrl\":\"https:\/\/www.albyco.com\/wp-content\/uploads\/2017\/07\/albyco_logo_hd.png\",\"width\":300,\"height\":300,\"caption\":\"Albyco Nederland B.V.\"},\"image\":{\"@id\":\"https:\/\/www.albyco.com\/#logo\"}},{\"@type\":\"WebSite\",\"@id\":\"https:\/\/www.albyco.com\/#website\",\"url\":\"https:\/\/www.albyco.com\/\",\"name\":\"Albyco\",\"description\":\"Leverancier voor nabewerking van geprinte media\",\"publisher\":{\"@id\":\"https:\/\/www.albyco.com\/#organization\"},\"potentialAction\":[{\"@type\":\"SearchAction\",\"target\":{\"@type\":\"EntryPoint\",\"urlTemplate\":\"https:\/\/www.albyco.com\/?s={search_term_string}\"},\"query-input\":\"required name=search_term_string\"}],\"inLanguage\":\"fr-FR\"},{\"@type\":\"ImageObject\",\"@id\":\"https:\/\/www.albyco.com\/fr\/produit\/renz-ecl-360-systeme-de-fermeture-electrique-professionnelle\/#primaryimage\",\"inLanguage\":\"fr-FR\",\"url\":\"https:\/\/www.albyco.com\/wp-content\/uploads\/2017\/06\/renz-renz-ecl-360-elektrische-sluiter_RENZECL360.jpg\",\"contentUrl\":\"https:\/\/www.albyco.com\/wp-content\/uploads\/2017\/06\/renz-renz-ecl-360-elektrische-sluiter_RENZECL360.jpg\",\"width\":1000,\"height\":700,\"caption\":\"Renz ECL 360\"},{\"@type\":\"WebPage\",\"@id\":\"https:\/\/www.albyco.com\/fr\/produit\/renz-ecl-360-systeme-de-fermeture-electrique-professionnelle\/#webpage\",\"url\":\"https:\/\/www.albyco.com\/fr\/produit\/renz-ecl-360-systeme-de-fermeture-electrique-professionnelle\/\",\"name\":\"Renz ECL 360, syst\u00e8me de fermeture \u00e9lectrique professionnelle - Albyco\",\"isPartOf\":{\"@id\":\"https:\/\/www.albyco.com\/#website\"},\"primaryImageOfPage\":{\"@id\":\"https:\/\/www.albyco.com\/fr\/produit\/renz-ecl-360-systeme-de-fermeture-electrique-professionnelle\/#primaryimage\"},\"datePublished\":\"2017-07-06T14:12:13+00:00\",\"dateModified\":\"2021-05-20T13:39:43+00:00\",\"description\":\"Le Renz ECL 360 est un syst\u00e8me de fermeture \u00e9lectrique professionnelle\u00a0 pour anneaux m\u00e9talliques.\",\"breadcrumb\":{\"@id\":\"https:\/\/www.albyco.com\/fr\/produit\/renz-ecl-360-systeme-de-fermeture-electrique-professionnelle\/#breadcrumb\"},\"inLanguage\":\"fr-FR\",\"potentialAction\":[{\"@type\":\"ReadAction\",\"target\":[\"https:\/\/www.albyco.com\/fr\/produit\/renz-ecl-360-systeme-de-fermeture-electrique-professionnelle\/\"]}]},{\"@type\":\"BreadcrumbList\",\"@id\":\"https:\/\/www.albyco.com\/fr\/produit\/renz-ecl-360-systeme-de-fermeture-electrique-professionnelle\/#breadcrumb\",\"itemListElement\":[{\"@type\":\"ListItem\",\"position\":1,\"name\":\"Home\",\"item\":\"https:\/\/www.albyco.com\/fr\/\"},{\"@type\":\"ListItem\",\"position\":2,\"name\":\"Les produits\",\"item\":\"https:\/\/www.albyco.com\/fr\/producten\/\"},{\"@type\":\"ListItem\",\"position\":3,\"name\":\"Renz ECL 360, syst\u00e8me de fermeture \u00e9lectrique professionnelle\"}]}]}<\/script>\n<!-- \/ Yoast SEO plugin. -->","yoast_head_json":{"title":"Renz ECL 360, syst\u00e8me de fermeture \u00e9lectrique professionnelle - Albyco","description":"Le Renz ECL 360 est un syst\u00e8me de fermeture \u00e9lectrique professionnelle\u00a0 pour anneaux m\u00e9talliques.","robots":{"index":"index","follow":"follow","max-snippet":"max-snippet:-1","max-image-preview":"max-image-preview:large","max-video-preview":"max-video-preview:-1"},"canonical":"https:\/\/www.albyco.com\/fr\/produit\/renz-ecl-360-systeme-de-fermeture-electrique-professionnelle\/","og_locale":"fr_FR","og_type":"article","og_title":"Renz ECL 360, syst\u00e8me de fermeture \u00e9lectrique professionnelle - Albyco","og_description":"Le Renz ECL 360 est un syst\u00e8me de fermeture \u00e9lectrique professionnelle\u00a0 pour anneaux m\u00e9talliques.","og_url":"https:\/\/www.albyco.com\/fr\/produit\/renz-ecl-360-systeme-de-fermeture-electrique-professionnelle\/","og_site_name":"Albyco","article_modified_time":"2021-05-20T13:39:43+00:00","og_image":[{"width":1000,"height":700,"url":"https:\/\/www.albyco.com\/wp-content\/uploads\/2017\/06\/renz-renz-ecl-360-elektrische-sluiter_RENZECL360.jpg","type":"image\/jpeg"}],"twitter_card":"summary","twitter_site":"@AlbycoNederland","schema":{"@context":"https:\/\/schema.org","@graph":[{"@type":"Organization","@id":"https:\/\/www.albyco.com\/#organization","name":"Albyco Nederland B.V.","url":"https:\/\/www.albyco.com\/","sameAs":["https:\/\/www.linkedin.com\/company\/18015670\/","https:\/\/www.youtube.com\/user\/AlbycoNederland","https:\/\/nl.pinterest.com\/albyco","https:\/\/twitter.com\/AlbycoNederland"],"logo":{"@type":"ImageObject","@id":"https:\/\/www.albyco.com\/#logo","inLanguage":"fr-FR","url":"https:\/\/www.albyco.com\/wp-content\/uploads\/2017\/07\/albyco_logo_hd.png","contentUrl":"https:\/\/www.albyco.com\/wp-content\/uploads\/2017\/07\/albyco_logo_hd.png","width":300,"height":300,"caption":"Albyco Nederland B.V."},"image":{"@id":"https:\/\/www.albyco.com\/#logo"}},{"@type":"WebSite","@id":"https:\/\/www.albyco.com\/#website","url":"https:\/\/www.albyco.com\/","name":"Albyco","description":"Leverancier voor nabewerking van geprinte media","publisher":{"@id":"https:\/\/www.albyco.com\/#organization"},"potentialAction":[{"@type":"SearchAction","target":{"@type":"EntryPoint","urlTemplate":"https:\/\/www.albyco.com\/?s={search_term_string}"},"query-input":"required name=search_term_string"}],"inLanguage":"fr-FR"},{"@type":"ImageObject","@id":"https:\/\/www.albyco.com\/fr\/produit\/renz-ecl-360-systeme-de-fermeture-electrique-professionnelle\/#primaryimage","inLanguage":"fr-FR","url":"https:\/\/www.albyco.com\/wp-content\/uploads\/2017\/06\/renz-renz-ecl-360-elektrische-sluiter_RENZECL360.jpg","contentUrl":"https:\/\/www.albyco.com\/wp-content\/uploads\/2017\/06\/renz-renz-ecl-360-elektrische-sluiter_RENZECL360.jpg","width":1000,"height":700,"caption":"Renz ECL 360"},{"@type":"WebPage","@id":"https:\/\/www.albyco.com\/fr\/produit\/renz-ecl-360-systeme-de-fermeture-electrique-professionnelle\/#webpage","url":"https:\/\/www.albyco.com\/fr\/produit\/renz-ecl-360-systeme-de-fermeture-electrique-professionnelle\/","name":"Renz ECL 360, syst\u00e8me de fermeture \u00e9lectrique professionnelle - Albyco","isPartOf":{"@id":"https:\/\/www.albyco.com\/#website"},"primaryImageOfPage":{"@id":"https:\/\/www.albyco.com\/fr\/produit\/renz-ecl-360-systeme-de-fermeture-electrique-professionnelle\/#primaryimage"},"datePublished":"2017-07-06T14:12:13+00:00","dateModified":"2021-05-20T13:39:43+00:00","description":"Le Renz ECL 360 est un syst\u00e8me de fermeture \u00e9lectrique professionnelle\u00a0 pour anneaux m\u00e9talliques.","breadcrumb":{"@id":"https:\/\/www.albyco.com\/fr\/produit\/renz-ecl-360-systeme-de-fermeture-electrique-professionnelle\/#breadcrumb"},"inLanguage":"fr-FR","potentialAction":[{"@type":"ReadAction","target":["https:\/\/www.albyco.com\/fr\/produit\/renz-ecl-360-systeme-de-fermeture-electrique-professionnelle\/"]}]},{"@type":"BreadcrumbList","@id":"https:\/\/www.albyco.com\/fr\/produit\/renz-ecl-360-systeme-de-fermeture-electrique-professionnelle\/#breadcrumb","itemListElement":[{"@type":"ListItem","position":1,"name":"Home","item":"https:\/\/www.albyco.com\/fr\/"},{"@type":"ListItem","position":2,"name":"Les produits","item":"https:\/\/www.albyco.com\/fr\/producten\/"},{"@type":"ListItem","position":3,"name":"Renz ECL 360, syst\u00e8me de fermeture \u00e9lectrique professionnelle"}]}]}},"_links":{"self":[{"href":"https:\/\/www.albyco.com\/fr\/wp-json\/wp\/v2\/product\/10629"}],"collection":[{"href":"https:\/\/www.albyco.com\/fr\/wp-json\/wp\/v2\/product"}],"about":[{"href":"https:\/\/www.albyco.com\/fr\/wp-json\/wp\/v2\/types\/product"}],"replies":[{"embeddable":true,"href":"https:\/\/www.albyco.com\/fr\/wp-json\/wp\/v2\/comments?post=10629"}],"wp:featuredmedia":[{"embeddable":true,"href":"https:\/\/www.albyco.com\/fr\/wp-json\/wp\/v2\/media\/7903"}],"wp:attachment":[{"href":"https:\/\/www.albyco.com\/fr\/wp-json\/wp\/v2\/media?parent=10629"}],"wp:term":[{"taxonomy":"product_cat","embeddable":true,"href":"https:\/\/www.albyco.com\/fr\/wp-json\/wp\/v2\/product_cat?post=10629"},{"taxonomy":"product_tag","embeddable":true,"href":"https:\/\/www.albyco.com\/fr\/wp-json\/wp\/v2\/product_tag?post=10629"}],"curies":[{"name":"wp","href":"https:\/\/api.w.org\/{rel}","templated":true}]}}

Renz ECL 360, système de fermeture électrique professionnelle

<table style="width: 100%; border-collapse: collapse;" border="0">
<tbody>
<tr>
<td style="width: 50%;">Le <strong>Renz ECL 360</strong> est un système de fermeture électrique professionnelle<span class="Apple-converted-space">  </span>pour anneaux métalliques. Câble électrique (peigne métallique) -connecteur pour fil de 4,8 mm (3/16 &#8220;, n ° 3) à 38,6 mm (1 1/2&#8221;) &#8220;, no.24), largeur de fermeture 360 mm.Solution professionnelle pour la reliure à grand volume. Connectez jusqu&#8217;à 400 liaisons / h., Caractéristiques de sécurité optimales, conception robuste pour une utilisation intensive, réglage rapide et facile en quelques secondes, par exemple une pédale.</td>
<td style="width: 50%;"><div class="epyt-video-wrapper"><iframe  id="_ytid_19169"  width="800" height="450"  data-origwidth="800" data-origheight="450"  data-relstop="1" src="https://www.youtube.com/embed/RB4yXLnSP2I?enablejsapi=1&autoplay=0&cc_load_policy=0&iv_load_policy=1&loop=0&modestbranding=0&fs=1&playsinline=1&controls=1&color=red&cc_lang_pref=&rel=0&autohide=2&theme=dark&" class="__youtube_prefs__  no-lazyload" title="YouTube player"  allow="accelerometer; autoplay; clipboard-write; encrypted-media; gyroscope; picture-in-picture" allowfullscreen data-no-lazy="1" data-skipgform_ajax_framebjll=""></iframe></div></td>
</tr>
</tbody>
</table>
<a href="https://www.albyco.com/fr/contactez-nous/"><img loading="lazy" class="size-full wp-image-11223 alignleft" src="https://www.albyco.com/wp-content/uploads/2018/02/CTA-Albyco-fr-2.jpg" alt="" width="225" height="141" srcset="https://www.albyco.com/wp-content/uploads/2018/02/CTA-Albyco-fr-2.jpg 225w, https://www.albyco.com/wp-content/uploads/2018/02/CTA-Albyco-fr-2-100x63.jpg 100w, https://www.albyco.com/wp-content/uploads/2018/02/CTA-Albyco-fr-2-24x15.jpg 24w, https://www.albyco.com/wp-content/uploads/2018/02/CTA-Albyco-fr-2-36x23.jpg 36w, https://www.albyco.com/wp-content/uploads/2018/02/CTA-Albyco-fr-2-48x30.jpg 48w" sizes="(max-width: 225px) 100vw, 225px" /></a>

<p>Le <strong>Renz ECL 360</strong> est un système de fermeture électrique professionnelle<span class="Apple-converted-space">  </span>pour anneaux métalliques.</p>

<!-- This site is optimized with the Yoast SEO plugin v18.6 - https://yoast.com/wordpress/plugins/seo/ -->
<title>Renz ECL 360, système de fermeture électrique professionnelle - Albyco</title>
<meta name="description" content="Le Renz ECL 360 est un système de fermeture électrique professionnelle  pour anneaux métalliques." />
<meta name="robots" content="index, follow, max-snippet:-1, max-image-preview:large, max-video-preview:-1" />
<link rel="canonical" href="https://www.albyco.com/fr/produit/renz-ecl-360-systeme-de-fermeture-electrique-professionnelle/" />
<meta property="og:locale" content="fr_FR" />
<meta property="og:type" content="article" />
<meta property="og:title" content="Renz ECL 360, système de fermeture électrique professionnelle - Albyco" />
<meta property="og:description" content="Le Renz ECL 360 est un système de fermeture électrique professionnelle  pour anneaux métalliques." />
<meta property="og:url" content="https://www.albyco.com/fr/produit/renz-ecl-360-systeme-de-fermeture-electrique-professionnelle/" />
<meta property="og:site_name" content="Albyco" />
<meta property="article:modified_time" content="2021-05-20T13:39:43+00:00" />
<meta property="og:image" content="https://www.albyco.com/wp-content/uploads/2017/06/renz-renz-ecl-360-elektrische-sluiter_RENZECL360.jpg" />
	<meta property="og:image:width" content="1000" />
	<meta property="og:image:height" content="700" />
	<meta property="og:image:type" content="image/jpeg" />
<meta name="twitter:card" content="summary" />
<meta name="twitter:site" content="@AlbycoNederland" />
<script type="application/ld+json" class="yoast-schema-graph">{"@context":"https://schema.org","@graph":[{"@type":"Organization","@id":"https://www.albyco.com/#organization","name":"Albyco Nederland B.V.","url":"https://www.albyco.com/","sameAs":["https://www.linkedin.com/company/18015670/","https://www.youtube.com/user/AlbycoNederland","https://nl.pinterest.com/albyco","https://twitter.com/AlbycoNederland"],"logo":{"@type":"ImageObject","@id":"https://www.albyco.com/#logo","inLanguage":"fr-FR","url":"https://www.albyco.com/wp-content/uploads/2017/07/albyco_logo_hd.png","contentUrl":"https://www.albyco.com/wp-content/uploads/2017/07/albyco_logo_hd.png","width":300,"height":300,"caption":"Albyco Nederland B.V."},"image":{"@id":"https://www.albyco.com/#logo"}},{"@type":"WebSite","@id":"https://www.albyco.com/#website","url":"https://www.albyco.com/","name":"Albyco","description":"Leverancier voor nabewerking van geprinte media","publisher":{"@id":"https://www.albyco.com/#organization"},"potentialAction":[{"@type":"SearchAction","target":{"@type":"EntryPoint","urlTemplate":"https://www.albyco.com/?s={search_term_string}"},"query-input":"required name=search_term_string"}],"inLanguage":"fr-FR"},{"@type":"ImageObject","@id":"https://www.albyco.com/fr/produit/renz-ecl-360-systeme-de-fermeture-electrique-professionnelle/#primaryimage","inLanguage":"fr-FR","url":"https://www.albyco.com/wp-content/uploads/2017/06/renz-renz-ecl-360-elektrische-sluiter_RENZECL360.jpg","contentUrl":"https://www.albyco.com/wp-content/uploads/2017/06/renz-renz-ecl-360-elektrische-sluiter_RENZECL360.jpg","width":1000,"height":700,"caption":"Renz ECL 360"},{"@type":"WebPage","@id":"https://www.albyco.com/fr/produit/renz-ecl-360-systeme-de-fermeture-electrique-professionnelle/#webpage","url":"https://www.albyco.com/fr/produit/renz-ecl-360-systeme-de-fermeture-electrique-professionnelle/","name":"Renz ECL 360, système de fermeture électrique professionnelle - Albyco","isPartOf":{"@id":"https://www.albyco.com/#website"},"primaryImageOfPage":{"@id":"https://www.albyco.com/fr/produit/renz-ecl-360-systeme-de-fermeture-electrique-professionnelle/#primaryimage"},"datePublished":"2017-07-06T14:12:13+00:00","dateModified":"2021-05-20T13:39:43+00:00","description":"Le Renz ECL 360 est un système de fermeture électrique professionnelle  pour anneaux métalliques.","breadcrumb":{"@id":"https://www.albyco.com/fr/produit/renz-ecl-360-systeme-de-fermeture-electrique-professionnelle/#breadcrumb"},"inLanguage":"fr-FR","potentialAction":[{"@type":"ReadAction","target":["https://www.albyco.com/fr/produit/renz-ecl-360-systeme-de-fermeture-electrique-professionnelle/"]}]},{"@type":"BreadcrumbList","@id":"https://www.albyco.com/fr/produit/renz-ecl-360-systeme-de-fermeture-electrique-professionnelle/#breadcrumb","itemListElement":[{"@type":"ListItem","position":1,"name":"Home","item":"https://www.albyco.com/fr/"},{"@type":"ListItem","position":2,"name":"Les produits","item":"https://www.albyco.com/fr/producten/"},{"@type":"ListItem","position":3,"name":"Renz ECL 360, système de fermeture électrique professionnelle"}]}]}</script>
<!-- / Yoast SEO plugin. -->

Renz ECL 360, système de fermeture électrique professionnelle - Albyco

Le Renz ECL 360 est un système de fermeture électrique professionnelle  pour anneaux métalliques.
