{"id":10186,"date":"2017-07-10T15:26:20","date_gmt":"2017-07-10T13:26:20","guid":{"rendered":"https:\/\/www.albyco.com\/product\/crochets-calendaires-albyco\/"},"modified":"2021-08-16T13:15:53","modified_gmt":"2021-08-16T11:15:53","slug":"crochets-calendaires-albyco","status":"publish","type":"product","link":"https:\/\/www.albyco.com\/fr\/produit\/crochets-calendaires-albyco\/","title":{"rendered":"Crochets pour les calendriers Albyco"},"content":{"rendered":"<p class=\"p1\">Les crochets calendaires sont disponibles en longueurs de 105, 150 et 200 mm, en noir, blanc ou m\u00e9tal. Les crochets calendaires sont emball\u00e9s par 100 pi\u00e8ces. Le haut du crochet du calendrier est en rond 2, l&#8217;arrondi ayant une longueur lin\u00e9aire de 20 mm.<\/p>\r\n<p class=\"p1\"><\/p>\r\n<a href=\"https:\/\/www.albyco.com\/fr\/contactez-nous\/\"><img loading=\"lazy\" class=\"size-full wp-image-11223 alignleft\" src=\"https:\/\/www.albyco.com\/wp-content\/uploads\/2018\/02\/CTA-Albyco-fr-2.jpg\" alt=\"\" width=\"225\" height=\"141\" srcset=\"https:\/\/www.albyco.com\/wp-content\/uploads\/2018\/02\/CTA-Albyco-fr-2.jpg 225w, https:\/\/www.albyco.com\/wp-content\/uploads\/2018\/02\/CTA-Albyco-fr-2-100x63.jpg 100w, https:\/\/www.albyco.com\/wp-content\/uploads\/2018\/02\/CTA-Albyco-fr-2-24x15.jpg 24w, https:\/\/www.albyco.com\/wp-content\/uploads\/2018\/02\/CTA-Albyco-fr-2-36x23.jpg 36w, https:\/\/www.albyco.com\/wp-content\/uploads\/2018\/02\/CTA-Albyco-fr-2-48x30.jpg 48w\" sizes=\"(max-width: 225px) 100vw, 225px\" \/><\/a>","protected":false},"excerpt":{"rendered":"<p>Les crochets calendaires sont disponibles en longueurs de 105, 150 et 200 mm, en noir, blanc ou m\u00e9tal. Les crochets calendaires sont emball\u00e9s par 100 pi\u00e8ces.<\/p>\n","protected":false},"featured_media":7612,"comment_status":"open","ping_status":"closed","template":"","meta":[],"product_cat":[2808,2831,3364,3374],"product_tag":[2840,3378,3379,3380],"yoast_head":"<!-- This site is optimized with the Yoast SEO plugin v18.6 - https:\/\/yoast.com\/wordpress\/plugins\/seo\/ -->\n<title>Crochets pour les calendriers Albyco - Albyco<\/title>\n<meta name=\"description\" content=\"Les crochets calendaires sont disponibles en longueurs de 105, 150 et 200 mm, en noir, blanc ou m\u00e9tal. Les crochets calendaires sont emball\u00e9s par 100 pi\u00e8ces.\" \/>\n<meta name=\"robots\" content=\"index, follow, max-snippet:-1, max-image-preview:large, max-video-preview:-1\" \/>\n<link rel=\"canonical\" href=\"https:\/\/www.albyco.com\/fr\/produit\/crochets-calendaires-albyco\/\" \/>\n<meta property=\"og:locale\" content=\"fr_FR\" \/>\n<meta property=\"og:type\" content=\"article\" \/>\n<meta property=\"og:title\" content=\"Crochets pour les calendriers Albyco - Albyco\" \/>\n<meta property=\"og:description\" content=\"Les crochets calendaires sont disponibles en longueurs de 105, 150 et 200 mm, en noir, blanc ou m\u00e9tal. Les crochets calendaires sont emball\u00e9s par 100 pi\u00e8ces.\" \/>\n<meta property=\"og:url\" content=\"https:\/\/www.albyco.com\/fr\/produit\/crochets-calendaires-albyco\/\" \/>\n<meta property=\"og:site_name\" content=\"Albyco\" \/>\n<meta property=\"article:modified_time\" content=\"2021-08-16T11:15:53+00:00\" \/>\n<meta property=\"og:image\" content=\"https:\/\/www.albyco.com\/wp-content\/uploads\/2017\/06\/albyco-kalenderhaken_WBH105ME100.jpg\" \/>\n\t<meta property=\"og:image:width\" content=\"400\" \/>\n\t<meta property=\"og:image:height\" content=\"400\" \/>\n\t<meta property=\"og:image:type\" content=\"image\/jpeg\" \/>\n<meta name=\"twitter:card\" content=\"summary\" \/>\n<meta name=\"twitter:site\" content=\"@AlbycoNederland\" \/>\n<script type=\"application\/ld+json\" class=\"yoast-schema-graph\">{\"@context\":\"https:\/\/schema.org\",\"@graph\":[{\"@type\":\"Organization\",\"@id\":\"https:\/\/www.albyco.com\/#organization\",\"name\":\"Albyco Nederland B.V.\",\"url\":\"https:\/\/www.albyco.com\/\",\"sameAs\":[\"https:\/\/www.linkedin.com\/company\/18015670\/\",\"https:\/\/www.youtube.com\/user\/AlbycoNederland\",\"https:\/\/nl.pinterest.com\/albyco\",\"https:\/\/twitter.com\/AlbycoNederland\"],\"logo\":{\"@type\":\"ImageObject\",\"@id\":\"https:\/\/www.albyco.com\/#logo\",\"inLanguage\":\"fr-FR\",\"url\":\"https:\/\/www.albyco.com\/wp-content\/uploads\/2017\/07\/albyco_logo_hd.png\",\"contentUrl\":\"https:\/\/www.albyco.com\/wp-content\/uploads\/2017\/07\/albyco_logo_hd.png\",\"width\":300,\"height\":300,\"caption\":\"Albyco Nederland B.V.\"},\"image\":{\"@id\":\"https:\/\/www.albyco.com\/#logo\"}},{\"@type\":\"WebSite\",\"@id\":\"https:\/\/www.albyco.com\/#website\",\"url\":\"https:\/\/www.albyco.com\/\",\"name\":\"Albyco\",\"description\":\"Leverancier voor nabewerking van geprinte media\",\"publisher\":{\"@id\":\"https:\/\/www.albyco.com\/#organization\"},\"potentialAction\":[{\"@type\":\"SearchAction\",\"target\":{\"@type\":\"EntryPoint\",\"urlTemplate\":\"https:\/\/www.albyco.com\/?s={search_term_string}\"},\"query-input\":\"required name=search_term_string\"}],\"inLanguage\":\"fr-FR\"},{\"@type\":\"ImageObject\",\"@id\":\"https:\/\/www.albyco.com\/fr\/produit\/crochets-calendaires-albyco\/#primaryimage\",\"inLanguage\":\"fr-FR\",\"url\":\"https:\/\/www.albyco.com\/wp-content\/uploads\/2017\/06\/albyco-kalenderhaken_WBH105ME100.jpg\",\"contentUrl\":\"https:\/\/www.albyco.com\/wp-content\/uploads\/2017\/06\/albyco-kalenderhaken_WBH105ME100.jpg\",\"width\":400,\"height\":400,\"caption\":\"Crochets calendaires Albyco\"},{\"@type\":\"WebPage\",\"@id\":\"https:\/\/www.albyco.com\/fr\/produit\/crochets-calendaires-albyco\/#webpage\",\"url\":\"https:\/\/www.albyco.com\/fr\/produit\/crochets-calendaires-albyco\/\",\"name\":\"Crochets pour les calendriers Albyco - Albyco\",\"isPartOf\":{\"@id\":\"https:\/\/www.albyco.com\/#website\"},\"primaryImageOfPage\":{\"@id\":\"https:\/\/www.albyco.com\/fr\/produit\/crochets-calendaires-albyco\/#primaryimage\"},\"datePublished\":\"2017-07-10T13:26:20+00:00\",\"dateModified\":\"2021-08-16T11:15:53+00:00\",\"description\":\"Les crochets calendaires sont disponibles en longueurs de 105, 150 et 200 mm, en noir, blanc ou m\u00e9tal. Les crochets calendaires sont emball\u00e9s par 100 pi\u00e8ces.\",\"breadcrumb\":{\"@id\":\"https:\/\/www.albyco.com\/fr\/produit\/crochets-calendaires-albyco\/#breadcrumb\"},\"inLanguage\":\"fr-FR\",\"potentialAction\":[{\"@type\":\"ReadAction\",\"target\":[\"https:\/\/www.albyco.com\/fr\/produit\/crochets-calendaires-albyco\/\"]}]},{\"@type\":\"BreadcrumbList\",\"@id\":\"https:\/\/www.albyco.com\/fr\/produit\/crochets-calendaires-albyco\/#breadcrumb\",\"itemListElement\":[{\"@type\":\"ListItem\",\"position\":1,\"name\":\"Home\",\"item\":\"https:\/\/www.albyco.com\/fr\/\"},{\"@type\":\"ListItem\",\"position\":2,\"name\":\"Les produits\",\"item\":\"https:\/\/www.albyco.com\/fr\/producten\/\"},{\"@type\":\"ListItem\",\"position\":3,\"name\":\"Crochets pour les calendriers Albyco\"}]}]}<\/script>\n<!-- \/ Yoast SEO plugin. -->","yoast_head_json":{"title":"Crochets pour les calendriers Albyco - Albyco","description":"Les crochets calendaires sont disponibles en longueurs de 105, 150 et 200 mm, en noir, blanc ou m\u00e9tal. Les crochets calendaires sont emball\u00e9s par 100 pi\u00e8ces.","robots":{"index":"index","follow":"follow","max-snippet":"max-snippet:-1","max-image-preview":"max-image-preview:large","max-video-preview":"max-video-preview:-1"},"canonical":"https:\/\/www.albyco.com\/fr\/produit\/crochets-calendaires-albyco\/","og_locale":"fr_FR","og_type":"article","og_title":"Crochets pour les calendriers Albyco - Albyco","og_description":"Les crochets calendaires sont disponibles en longueurs de 105, 150 et 200 mm, en noir, blanc ou m\u00e9tal. Les crochets calendaires sont emball\u00e9s par 100 pi\u00e8ces.","og_url":"https:\/\/www.albyco.com\/fr\/produit\/crochets-calendaires-albyco\/","og_site_name":"Albyco","article_modified_time":"2021-08-16T11:15:53+00:00","og_image":[{"width":400,"height":400,"url":"https:\/\/www.albyco.com\/wp-content\/uploads\/2017\/06\/albyco-kalenderhaken_WBH105ME100.jpg","type":"image\/jpeg"}],"twitter_card":"summary","twitter_site":"@AlbycoNederland","schema":{"@context":"https:\/\/schema.org","@graph":[{"@type":"Organization","@id":"https:\/\/www.albyco.com\/#organization","name":"Albyco Nederland B.V.","url":"https:\/\/www.albyco.com\/","sameAs":["https:\/\/www.linkedin.com\/company\/18015670\/","https:\/\/www.youtube.com\/user\/AlbycoNederland","https:\/\/nl.pinterest.com\/albyco","https:\/\/twitter.com\/AlbycoNederland"],"logo":{"@type":"ImageObject","@id":"https:\/\/www.albyco.com\/#logo","inLanguage":"fr-FR","url":"https:\/\/www.albyco.com\/wp-content\/uploads\/2017\/07\/albyco_logo_hd.png","contentUrl":"https:\/\/www.albyco.com\/wp-content\/uploads\/2017\/07\/albyco_logo_hd.png","width":300,"height":300,"caption":"Albyco Nederland B.V."},"image":{"@id":"https:\/\/www.albyco.com\/#logo"}},{"@type":"WebSite","@id":"https:\/\/www.albyco.com\/#website","url":"https:\/\/www.albyco.com\/","name":"Albyco","description":"Leverancier voor nabewerking van geprinte media","publisher":{"@id":"https:\/\/www.albyco.com\/#organization"},"potentialAction":[{"@type":"SearchAction","target":{"@type":"EntryPoint","urlTemplate":"https:\/\/www.albyco.com\/?s={search_term_string}"},"query-input":"required name=search_term_string"}],"inLanguage":"fr-FR"},{"@type":"ImageObject","@id":"https:\/\/www.albyco.com\/fr\/produit\/crochets-calendaires-albyco\/#primaryimage","inLanguage":"fr-FR","url":"https:\/\/www.albyco.com\/wp-content\/uploads\/2017\/06\/albyco-kalenderhaken_WBH105ME100.jpg","contentUrl":"https:\/\/www.albyco.com\/wp-content\/uploads\/2017\/06\/albyco-kalenderhaken_WBH105ME100.jpg","width":400,"height":400,"caption":"Crochets calendaires Albyco"},{"@type":"WebPage","@id":"https:\/\/www.albyco.com\/fr\/produit\/crochets-calendaires-albyco\/#webpage","url":"https:\/\/www.albyco.com\/fr\/produit\/crochets-calendaires-albyco\/","name":"Crochets pour les calendriers Albyco - Albyco","isPartOf":{"@id":"https:\/\/www.albyco.com\/#website"},"primaryImageOfPage":{"@id":"https:\/\/www.albyco.com\/fr\/produit\/crochets-calendaires-albyco\/#primaryimage"},"datePublished":"2017-07-10T13:26:20+00:00","dateModified":"2021-08-16T11:15:53+00:00","description":"Les crochets calendaires sont disponibles en longueurs de 105, 150 et 200 mm, en noir, blanc ou m\u00e9tal. Les crochets calendaires sont emball\u00e9s par 100 pi\u00e8ces.","breadcrumb":{"@id":"https:\/\/www.albyco.com\/fr\/produit\/crochets-calendaires-albyco\/#breadcrumb"},"inLanguage":"fr-FR","potentialAction":[{"@type":"ReadAction","target":["https:\/\/www.albyco.com\/fr\/produit\/crochets-calendaires-albyco\/"]}]},{"@type":"BreadcrumbList","@id":"https:\/\/www.albyco.com\/fr\/produit\/crochets-calendaires-albyco\/#breadcrumb","itemListElement":[{"@type":"ListItem","position":1,"name":"Home","item":"https:\/\/www.albyco.com\/fr\/"},{"@type":"ListItem","position":2,"name":"Les produits","item":"https:\/\/www.albyco.com\/fr\/producten\/"},{"@type":"ListItem","position":3,"name":"Crochets pour les calendriers Albyco"}]}]}},"_links":{"self":[{"href":"https:\/\/www.albyco.com\/fr\/wp-json\/wp\/v2\/product\/10186"}],"collection":[{"href":"https:\/\/www.albyco.com\/fr\/wp-json\/wp\/v2\/product"}],"about":[{"href":"https:\/\/www.albyco.com\/fr\/wp-json\/wp\/v2\/types\/product"}],"replies":[{"embeddable":true,"href":"https:\/\/www.albyco.com\/fr\/wp-json\/wp\/v2\/comments?post=10186"}],"wp:featuredmedia":[{"embeddable":true,"href":"https:\/\/www.albyco.com\/fr\/wp-json\/wp\/v2\/media\/7612"}],"wp:attachment":[{"href":"https:\/\/www.albyco.com\/fr\/wp-json\/wp\/v2\/media?parent=10186"}],"wp:term":[{"taxonomy":"product_cat","embeddable":true,"href":"https:\/\/www.albyco.com\/fr\/wp-json\/wp\/v2\/product_cat?post=10186"},{"taxonomy":"product_tag","embeddable":true,"href":"https:\/\/www.albyco.com\/fr\/wp-json\/wp\/v2\/product_tag?post=10186"}],"curies":[{"name":"wp","href":"https:\/\/api.w.org\/{rel}","templated":true}]}}

<p class="p1">Les crochets calendaires sont disponibles en longueurs de 105, 150 et 200 mm, en noir, blanc ou métal. Les crochets calendaires sont emballés par 100 pièces. Le haut du crochet du calendrier est en rond 2, l&#8217;arrondi ayant une longueur linéaire de 20 mm.</p>
<p class="p1"></p>
<a href="https://www.albyco.com/fr/contactez-nous/"><img loading="lazy" class="size-full wp-image-11223 alignleft" src="https://www.albyco.com/wp-content/uploads/2018/02/CTA-Albyco-fr-2.jpg" alt="" width="225" height="141" srcset="https://www.albyco.com/wp-content/uploads/2018/02/CTA-Albyco-fr-2.jpg 225w, https://www.albyco.com/wp-content/uploads/2018/02/CTA-Albyco-fr-2-100x63.jpg 100w, https://www.albyco.com/wp-content/uploads/2018/02/CTA-Albyco-fr-2-24x15.jpg 24w, https://www.albyco.com/wp-content/uploads/2018/02/CTA-Albyco-fr-2-36x23.jpg 36w, https://www.albyco.com/wp-content/uploads/2018/02/CTA-Albyco-fr-2-48x30.jpg 48w" sizes="(max-width: 225px) 100vw, 225px" /></a>

<p>Les crochets calendaires sont disponibles en longueurs de 105, 150 et 200 mm, en noir, blanc ou métal. Les crochets calendaires sont emballés par 100 pièces.</p>

<!-- This site is optimized with the Yoast SEO plugin v18.6 - https://yoast.com/wordpress/plugins/seo/ -->
<title>Crochets pour les calendriers Albyco - Albyco</title>
<meta name="description" content="Les crochets calendaires sont disponibles en longueurs de 105, 150 et 200 mm, en noir, blanc ou métal. Les crochets calendaires sont emballés par 100 pièces." />
<meta name="robots" content="index, follow, max-snippet:-1, max-image-preview:large, max-video-preview:-1" />
<link rel="canonical" href="https://www.albyco.com/fr/produit/crochets-calendaires-albyco/" />
<meta property="og:locale" content="fr_FR" />
<meta property="og:type" content="article" />
<meta property="og:title" content="Crochets pour les calendriers Albyco - Albyco" />
<meta property="og:description" content="Les crochets calendaires sont disponibles en longueurs de 105, 150 et 200 mm, en noir, blanc ou métal. Les crochets calendaires sont emballés par 100 pièces." />
<meta property="og:url" content="https://www.albyco.com/fr/produit/crochets-calendaires-albyco/" />
<meta property="og:site_name" content="Albyco" />
<meta property="article:modified_time" content="2021-08-16T11:15:53+00:00" />
<meta property="og:image" content="https://www.albyco.com/wp-content/uploads/2017/06/albyco-kalenderhaken_WBH105ME100.jpg" />
	<meta property="og:image:width" content="400" />
	<meta property="og:image:height" content="400" />
	<meta property="og:image:type" content="image/jpeg" />
<meta name="twitter:card" content="summary" />
<meta name="twitter:site" content="@AlbycoNederland" />
<script type="application/ld+json" class="yoast-schema-graph">{"@context":"https://schema.org","@graph":[{"@type":"Organization","@id":"https://www.albyco.com/#organization","name":"Albyco Nederland B.V.","url":"https://www.albyco.com/","sameAs":["https://www.linkedin.com/company/18015670/","https://www.youtube.com/user/AlbycoNederland","https://nl.pinterest.com/albyco","https://twitter.com/AlbycoNederland"],"logo":{"@type":"ImageObject","@id":"https://www.albyco.com/#logo","inLanguage":"fr-FR","url":"https://www.albyco.com/wp-content/uploads/2017/07/albyco_logo_hd.png","contentUrl":"https://www.albyco.com/wp-content/uploads/2017/07/albyco_logo_hd.png","width":300,"height":300,"caption":"Albyco Nederland B.V."},"image":{"@id":"https://www.albyco.com/#logo"}},{"@type":"WebSite","@id":"https://www.albyco.com/#website","url":"https://www.albyco.com/","name":"Albyco","description":"Leverancier voor nabewerking van geprinte media","publisher":{"@id":"https://www.albyco.com/#organization"},"potentialAction":[{"@type":"SearchAction","target":{"@type":"EntryPoint","urlTemplate":"https://www.albyco.com/?s={search_term_string}"},"query-input":"required name=search_term_string"}],"inLanguage":"fr-FR"},{"@type":"ImageObject","@id":"https://www.albyco.com/fr/produit/crochets-calendaires-albyco/#primaryimage","inLanguage":"fr-FR","url":"https://www.albyco.com/wp-content/uploads/2017/06/albyco-kalenderhaken_WBH105ME100.jpg","contentUrl":"https://www.albyco.com/wp-content/uploads/2017/06/albyco-kalenderhaken_WBH105ME100.jpg","width":400,"height":400,"caption":"Crochets calendaires Albyco"},{"@type":"WebPage","@id":"https://www.albyco.com/fr/produit/crochets-calendaires-albyco/#webpage","url":"https://www.albyco.com/fr/produit/crochets-calendaires-albyco/","name":"Crochets pour les calendriers Albyco - Albyco","isPartOf":{"@id":"https://www.albyco.com/#website"},"primaryImageOfPage":{"@id":"https://www.albyco.com/fr/produit/crochets-calendaires-albyco/#primaryimage"},"datePublished":"2017-07-10T13:26:20+00:00","dateModified":"2021-08-16T11:15:53+00:00","description":"Les crochets calendaires sont disponibles en longueurs de 105, 150 et 200 mm, en noir, blanc ou métal. Les crochets calendaires sont emballés par 100 pièces.","breadcrumb":{"@id":"https://www.albyco.com/fr/produit/crochets-calendaires-albyco/#breadcrumb"},"inLanguage":"fr-FR","potentialAction":[{"@type":"ReadAction","target":["https://www.albyco.com/fr/produit/crochets-calendaires-albyco/"]}]},{"@type":"BreadcrumbList","@id":"https://www.albyco.com/fr/produit/crochets-calendaires-albyco/#breadcrumb","itemListElement":[{"@type":"ListItem","position":1,"name":"Home","item":"https://www.albyco.com/fr/"},{"@type":"ListItem","position":2,"name":"Les produits","item":"https://www.albyco.com/fr/producten/"},{"@type":"ListItem","position":3,"name":"Crochets pour les calendriers Albyco"}]}]}</script>
<!-- / Yoast SEO plugin. -->

Les crochets calendaires sont disponibles en longueurs de 105, 150 et 200 mm, en noir, blanc ou métal. Les crochets calendaires sont emballés par 100 pièces.
